2 + 4*o - 1. Let s(r) = 3*f(r) - 2*l(r). Let q(i) = 3*n(i) - 7*s(i). Give q(-3).
-2
Let u(b) = 3*b**2 + 5*b - 4. Let a(m) = -4*m**2 - 6*m + 5. Let f(j) = 4*a(j) + 5*u(j). Let v be (-195)/585 - (-10)/(-6). What is f(v)?
-6
Let u(i) = -6939*i**2 - 2*i + 3 + 6937*i**2 + 0. Determine u(-3).
-9
Let u(d) = -4*d - 1. Let l(b) = -2*b**2 + b + 77. Let k be l(-6). Calculate u(k).
3
Let l = -44 + 46. Let h(k) = -15*k + 0*k**3 - 12*k - 2*k**3 + 28*k - 1 - l*k**2. What is h(-2)?
5
Let s(w) = 13*w - 27*w + 3 + 1 - 6 + 13*w. Suppose -j = 4*j. Calculate s(j).
-2
Let g be 1*(-2)/(-4)*4. Let w(x) = g + 4*x - 5*x - x**2 - 3. Let o = -236 - -236. What is w(o)?
-1
Let q = 121 + -118. Let k(w) = -w**2 - 10 + 13 + q*w - 6*w - 2*w. What is k(-4)?
7
Let x(u) be the second derivative of -u**5/20 - 5*u**4/12 + u**3/6 - 3*u**2 - 2*u - 1. What is x(-6)?
24
Let u(t) be the third derivative of t**6/30 - t**4/8 - 2*t**3/3 + 12*t**2. Let s be u(-2). Let q = -26 - s. Let b(p) = p**3 - 4*p**2 + p - 5. Determine b(q).
-1
Let m be (5/(-120))/((-2)/4). Let a(f) be the second derivative of 1/6*f**3 + m*f**4 + 0 - f**2 + 3*f. Determine a(-2).
0
Let v(n) be the first derivative of n**6/360 + 7*n**5/120 + 5*n**4/24 + 7*n**3/3 + 8. Let r(d) be the third derivative of v(d). Give r(-5).
-5
Let m(c) = c**3 + 8*c**2 - c - 13. Suppose 7*z + 15 = 2*z, d - 1 = 3*z. What is m(d)?
-5
Let a(t) = -2*t. Let l(g) = 9*g - 3. Let n(v) = -2*a(v) - l(v). Calculate n(-3).
18
Let x(y) = 17*y**3 + 25*y**2 + 10*y - 26. Let k(i) = -3*i**3 - 5*i**2 - 2*i + 5. Let g(m) = 11*k(m) + 2*x(m). Give g(4).
-21
Let k(b) = b + 2. Let o = -8 - -11. Suppose 0 = -o*s - 4*m + 21, s - 3*m + 6 = -0*s. Suppose -s*t + n = -13, -3*t + 4*n + 0*n + 25 = 0. What is k(t)?
5
Let y(b) = 2*b**2 - 2*b + 1. Let f = -41 + 61. Let v be -4*(25/f)/(-5). Determine y(v).
1
Suppose -10*o + 6*o = -5*k - 11, 4*k = -3*o + 16. Let p(x) = 9*x**2 - 2*x. Calculate p(k).
7
Let t(v) be the third derivative of 0*v + 0 + 1/20*v**5 - 1/12*v**4 + 1/6*v**3 + 2*v**2. What is t(2)?
9
Let u(r) = 3*r - 1. Let h(b) = -b**3 + 12*b**2 + 11. Let d be h(12). Suppose -2*z = 5*c + z - d, 4*c = z + 19. What is u(c)?
11
Let g(j) be the second derivative of -j**3/6 + 3*j**2 + 135*j. Calculate g(6).
0
Let q(u) = -u**3 - 8*u**2 - 5*u - 8. Let d = -383 + 376. What is q(d)?
-22
Let h(i) = 4*i + 2. Let c be h(1). Let x(o) be the first derivative of -o**2 + o + 4. Give x(c).
-11
Let s(v) = v - 2. Let b(k) = 2*k - 4. Let c(m) = -3*b(m) + 7*s(m). Let u = -354 + 348. Give c(u).
-8
Let p(v) = -v**2 - 6*v - 8. Let b be (1 - 0)/(4/68). Suppose -b = 4*s + 7. Give p(s).
-8
Let j(n) be the first derivative of 3*n**2/2 + 6*n + 381. Suppose 0*v = 2*s - 4*v - 2, 2*s - 14 = -2*v. Let x = -11 + s. Give j(x).
-12
Let g(v) be the third derivative of -v**6/120 - 2*v**5/5 - 3*v**3 + 1045*v**2. Calculate g(-24).
-18
Let w(z) = 2*z**3 - 3*z**2 - 3*z + 5. Let i be w(3). Let r(x) = -x + 18. Let u be r(i). Let h(p) = -p**3 - 6*p**2 - 4*p + 4. Determine h(u).
-1
Let v be 19311/(-1107) + (-8)/(-18). Let i(w) = w**3 + 18*w**2 + 16*w - 20. Calculate i(v).
-3
Let o(n) = n**3 + 2*n**2 - 4*n - 4. Let u be -9*(-3)/9 - 6. Determine o(u).
-1
Let t(n) = n**3 - 11*n**2 + 8*n + 3. Let h be (-1848)/(-182) + (-1 - (-22)/26). Determine t(h).
-17
Let g(u) be the first derivative of -u**3/3 - u**2 - 3*u + 11. Let m(a) = 4*a**3 - 2*a**2 + 1. Let o be m(-1). Give g(o).
-18
Let z = -13 - -15. Let t(x) = -6 - 5*x + 7 - z. Suppose -2*a + 15 = -5*s, -a + 0*a = -5. What is t(s)?
4
Let k(z) = -3*z + 1. Suppose g - 36 = -g. Let b = g + -16. What is k(b)?
-5
Suppose 58*q - 89*q = -124. Let w(l) = -l + 5. Give w(q).
1
Let c be (-1)/6 + 2300/(-600). Let v(f) = 5*f + 15. Calculate v(c).
-5
Let o(u) = 11*u - 7. Let h(j) = -j**2 + 5*j + 17. Let i be h(8). Let x(n) = -6*n + 4. Let d(y) = i*x(y) - 4*o(y). Give d(-1).
2
Let y(x) be the third derivative of 0*x - 7 + 2*x**2 + 1/2*x**3 - 1/6*x**5 + 1/120*x**6 + 1/3*x**4. Give y(9).
-6
Let f(y) = 272*y**3 - 4*y - 4*y**2 + 1 - 273*y**3 - 4. Let r(b) = b + 3. Let l be r(-5). Give f(l).
-3
Let v(q) be the third derivative of -1/6*q**3 + q + 0 - 1/60*q**5 - 1/24*q**4 - 13*q**2. Determine v(2).
-7
Let k be 3*(2/3 - 1) - -4. Let q(g) = 7*g + 1. Determine q(k).
22
Suppose -5*j + 24 = 2*s, -29 = -4*j + s - 2. Let m(d) = d**2 - 8*d + 8. Let x(t) = t. Let y(b) = -m(b) - x(b). Determine y(j).
-2
Let x = -504 + 507. Let z(r) be the third derivative of 1/24*r**4 + 1/30*r**6 + 0 + 9*r**2 + 0*r**5 + 0*r - 1/6*r**x. What is z(1)?
4
Let d(a) = 2*a**3 - 2*a**2 + 3*a + 8. Let t(f) = f**3 - f**2 + f + 1. Let b(s) = d(s) - 5*t(s). Suppose 0 = -7*l - 8345 + 8359. What is b(l)?
-13
Suppose 3*c + 4*t - 5 - 11 = 0, 2*c - t - 7 = 0. Let u(y) = -140*y - 136*y - 4 + 1 + 414*y - 135*y. Determine u(c).
9
Let m = 463 - 466. Let q(x) = -x**3 - 4*x**2 - 2*x - 1. Calculate q(m).
-4
Let a = -58 - -60. Suppose 0 = y - 0 - a. Let h(g) = -3*g**2 + 2*g. What is h(y)?
-8
Let c(v) = 12*v**2 - 7 + 14*v - 10*v**2 + 9. What is c(-7)?
2
Let m(o) = -2*o**3. Let v(y) = 2*y**3 - y. Let k(n) = -3*m(n) - 4*v(n). Calculate k(-2).
8
Let q(h) = 4*h + 2 - 8 - 1 - 3*h. Give q(12).
5
Suppose -9*i = -8*i + 7. Let h(q) = -q - 3. Determine h(i).
4
Suppose 19 = -4*k - 9. Let q = k + 7. Let m(c) = q*c - 6*c + 5 + 0 - c**2. Calculate m(-6).
5
Let p(j) be the first derivative of -9 - 2*j**4 + 0*j**3 + 1/2*j**2 + 0*j. Determine p(-1).
7
Let d(b) be the first derivative of b**3/3 + 4*b**2 + 6*b - 1. Let z(i) = -8*i**2 - 471*i + 52. Let j be z(-59). Determine d(j).
-1
Suppose -5*o = 10, b - 4 = 4*b + 5*o. Let j be 2 - (-1*(-2 + b) - 2). Let i(r) = -r + 1. Determine i(j).
-3
Let o = 228 + -219. Let z(b) = -b**2 + 8*b. Determine z(o).
-9
Let h(i) = i**3 - 11*i**2 - 42*i + 8. Let y be h(14). Let c(v) = -11*v - 2*v**3 - 7*v**2 + 2*v**3 + v**3 + 9. Calculate c(y).
-15
Let h be 32/(-10) + ((-27)/(-3))/45. Let u(r) = -3*r - 1. Determine u(h).
8
Let j be 4*5/50*5 - -1. Let g(u) = 3*u + 4. Determine g(j).
13
Suppose 3*y - 43 = -4*v - 42, 2*v + 2*y = 0. Let i(a) = -20*a**2 - 3*a + 1. Calculate i(v).
-22
Let y(b) = b**3 + 4*b**2 - b + 2. Let n be (57/12)/(2/(-8)). Let a = n - -15. Calculate y(a).
6
Let u(b) = -b**3 - 5*b**2 - 3*b + 1. Suppose 4*g - 8 = -6*l + 10*l, 4*l = 2*g - 10. Calculate u(l).
-8
Let p(z) = 16*z. Let m be p(1). Suppose -u - 3*u = -m. Let b = u + -4. Let k(d) = d**3 - d + 3. What is k(b)?
3
Let t(h) = 2*h + 7. Let l be (3 + 0 + -8)*(-2 - -3). Give t(l).
-3
Let k(s) = -s**3 - 2*s**2 + 2*s + 4. Let h(w) = w**2 - 9*w - 114. Let y be h(-7). Give k(y).
0
Let b(v) = -v**3 - 5*v**2 + 2*v + 6. Suppose 4*r + 3*m = 2*r - 19, m = 3*r + 1. Let y be ((-7)/1)/(2/r). Let a = y - 12. Determine b(a).
-4
Let s(p) be the first derivative of -p**5/60 - p**4/8 + p**3 - 2*p**2 + 25. Let c(w) be the second derivative of s(w). Determine c(-6).
-12
Let i(l) = -13*l + 4*l + 11*l. Let q be i(-3). Let w(k) = -k**3 + k + 1. Let y(z) = -7*z**3 - 7*z**2 + z + 10. Let j(s) = 6*w(s) - y(s). Determine j(q).
2
Let f(h) be the second derivative of -h**5/20 + h**4/12 - h**3/6 - 5*h**2 + 3*h. Let i be 7/4*(17 - 5). Let w = i + -21. Determine f(w).
-10
Let f be (3/9 + 14/(-6))*-2. Let a(n) = -3*n + 3. Let w(h) = -4*h + 4. Let j be (9 + -3)*1/(-2). Let s(o) = j*a(o) + 2*w(o). Give s(f).
3
Let o be 0*(-6 - -2)/4. Suppose -2*c + 3 + 9 = o. Let f(s) = -2 + 3*s**2 + 4*s + c - 57*s**3 + 56*s**3. What is f(4)?
4
Let u(d) = d**3 + 3*d**2 - 3*d + 2. Let r be u(-4). Let t(s) = -3*s. Let p(q) = -q. Let z(x) = r*t(x) + 5*p(x). Calculate z(0).
0
Let u(q) = -q**3 - 5*q**2 + 3*q - 8. Suppose p - 5*s - 1 = -2, -3*p = s + 19. Calculate u(p).
10
Let k = 64 + -61. Let x(v) = 4*v**3 + 3*v**2 + 3*v. Let q(o) = -3*o**3 - 4*o**2 - 4*o. Let z(n) = k*q(n) + 2*x(n). Give z(-4).
-8
Suppose -1 = -6*i + 23. Let m(y) = i*y - 2*y - 6*y - 4 + 8*y. Give m(5).
16
Suppose -6 = -3*r, -o + 3*r - 9 = 7. Let l = o - -16. Let k(c) = -l*c + 5*c - c. Give k(-1).
2
Suppose -4*z + 4*x = x - 8, 2 = z + 5*x. Suppose -6 - z = 4*p. Let a(d) be the first derivative of -3*d**2/2 - 1. Determine a(p).
6
Suppose k = m - k + 7, 4*m = k. Let x = 4 - 9. Let u be -2 + m + x + 7. Let p(r) = -7*r - 1. Give p(u).
-8
Let o(l) be the first derivative of -l**7/420 + l**6/360 + l**5/120 - 12*l**3 - 59. Let c(q) be the third derivative of o(